70. Give o(4).
6
Let m(g) = g. Give m(8).
8
Let r(i) = -i + 6. What is r(-6)?
12
Let f(b) = -b**2 - 3*b - 2. Determine f(-2).
0
Let n(h) = -3*h**2 - 3*h - 26. Calculate n(4).
-86
Let s(d) = -d**3 - 12*d**2 - 2*d - 36. Calculate s(-12).
-12
Let x(d) = d**2 - 2*d - 1. What is x(6)?
23
Let o(n) = -n**2 - 11*n - 4. Calculate o(-10).
6
Let a(t) = 3*t + 14. Give a(0).
14
Let w(s) = -s**3 + 14*s**2 - 24*s - 5. What is w(12)?
-5
Let f(r) = -23*r + 4. Give f(2).
-42
Let d(s) = -2*s**3 + 4*s**2 - 3*s. Give d(2).
-6
Let n(o) = -o + 7. Determine n(-5).
12
Let u(d) = -13*d + 103. Give u(9).
-14
Let m(f) = f**2 - 9*f + 8. What is m(5)?
-12
Let n(g) = -g**2 + 9*g - 18. What is n(4)?
2
Let b(c) = c**3 + 8*c**2 - 8*c + 19. Give b(-9).
10
Let n(q) = 2*q**3 + 7*q**2 - 3*q - 2. Determine n(-4).
-6
Let v(i) = -296*i + 889. Give v(3).
1
Let g(k) = -8*k**3 + 3*k**2 + 4*k + 1. Determine g(-1).
8
Let r(v) = -4*v - 57. Determine r(-14).
-1
Let s(z) = 2*z**2 - 34*z - 25. Give s(18).
11
Let i(s) = 9*s**2 + 2*s - 1. Determine i(-3).
74
Let c(b) = b**2 - 33*b + 112. Determine c(29).
-4
Let g(p) = -p**2 - p + 12. What is g(-4)?
0
Let d(w) = w**3 - 6*w**2 + 6*w - 2. Determine d(4).
-10
Let y(p) = -2*p**3 - 44*p**2 + 51*p + 114. Calculate y(-23).
-1
Let u(s) = 4*s + 13. What is u(-7)?
-15
Let g(x) = -x**2 + 19*x - 104. Give g(11).
-16
Let k(r) = -2*r**2 - 7*r + 3. What is k(-6)?
-27
Let p(d) = d**2 + 9*d - 10. Give p(-7).
-24
Let k(n) = 2*n + 27. What is k(-13)?
1
Let v(p) = -p**2 - 18*p - 68. Calculate v(-14).
-12
Let s(o) = -o**2 + 9*o - 6. Determine s(8).
2
Let v(l) = -24*l - 8. Calculate v(-1).
16
Let y(k) = k**3 - 4*k**2 - 7*k - 12. Give y(6).
18
Let m(i) = i**2 - 2*i - 201. Determine m(15).
-6
Let g(d) = -19*d**2 + d + 1. Give g(1).
-17
Let l(k) = -k**3 - 2*k**2 + k - 1. What is l(-2)?
-3
Let x(f) = -10*f + 441. What is x(44)?
1
Let j(m) = -21*m**2 + 102*m + 8. What is j(5)?
-7
Let i(d) = d**2 - 24*d - 58. Determine i(26).
-6
Let b(a) = -a**3 + 3*a**2 + 7*a - 9. What is b(4)?
3
Let z(l) = -6*l**3 - 2*l - 2. What is z(-2)?
50
Let i(t) = -3*t - 1. Give i(-2).
5
Let n(c) = -14*c - 49. Determine n(-2).
-21
Let w(m) = 27*m - 373. Determine w(14).
5
Let o(i) = i**3 - 37*i**2 + 38*i - 47. Give o(36).
25
Let b(v) = 4*v**2 - 25*v + 13. Determine b(6).
7
Let c(u) = -2*u - 2. What is c(2)?
-6
Let h(g) = -g - 32. Determine h(-23).
-9
Let b(a) = -a**3 + 3*a**2 + 4*a - 1. Determine b(4).
-1
Let b(r) = 9*r - 1. Determine b(2).
17
Let m(o) = 2*o**3 + 3*o + 5. Give m(-2).
-17
Let s(o) = 3*o - 15. Give s(8).
9
Let u(p) = p**2 + 4*p + 3. Determine u(-2).
-1
Let k(u) = -u**2 + 3*u - 7. Give k(0).
-7
Let z(p) = -2*p**2 + 8. Give z(4).
-24
Let r(s) = s**3 - 7*s**2 - 12*s + 12. What is r(8)?
-20
Let k(f) = f**3 - 7*f - 3. Give k(-3).
-9
Let q(c) = -c**2 - 8*c - 3. Give q(-7).
4
Let n(i) = 4*i**3 + i**2 - 2*i + 1. Calculate n(1).
4
Let u(s) = 49*s - 289. Give u(6).
5
Let o(w) = w - 5. Give o(-3).
-8
Let s(v) = 7*v + 3. Determine s(-8).
-53
Let n(u) = u**3 - 7*u**2 + 3*u - 49. Give n(7).
-28
Let p(q) = 2*q**2 + 37*q + 14. Determine p(-18).
-4
Let h(w) = -w**3 + 3*w**2 + 11*w - 48. What is h(4)?
-20
Let s(i) = -5*i + 42. Give s(-9).
87
Let k(p) = -5*p**2 - 26*p + 3. Calculate k(-5).
8
Let v(q) = -q**2 - 3*q - 10. What is v(-4)?
-14
Let j(w) = -11*w**3 - w - 2. What is j(-1)?
10
Let y(n) = n**3 + 3*n + 3. Give y(-2).
-11
Let h(p) = 3*p - 1. Give h(6).
17
Let y(t) = t**2 - 6*t - 4. Determine y(-4).
36
Let u(s) = 2*s**3 - s**2 - s - 144. Give u(0).
-144
Let l(t) = -t - 37. What is l(-19)?
-18
Let w(o) = -2*o - 8. Determine w(0).
-8
Let t(m) = -m**3 + m**2 - m. Calculate t(1).
-1
Let d(g) = -3*g**3 - 25*g**2 + 21*g + 18. What is d(-9)?
-9
Let w(i) = 3*i**2 - 73*i - 54. Determine w(25).
-4
Let m(v) = 2*v**2 + v - 2. What is m(1)?
1
Let a(w) = 2*w**3 - 5*w**2 + 3*w - 4. Give a(3).
14
Let y(i) = -i + 8. Calculate y(8).
0
Let v(z) = -3*z - 45. What is v(6)?
-63
Let g(m) = m**2 - 16*m - 16. What is g(15)?
-31
Let q(h) = -h**3 - 27*h**2 + 28*h - 9. Calculate q(-28).
-9
Let s(g) = -g - 6. Give s(-3).
-3
Let j(g) = g**2 - 4*g - 5. Calculate j(4).
-5
Let j(s) = 2*s - 23. Give j(-20).
-63
Let n(v) = -21*v**2 - v - 2. Determine n(-1).
-22
Let w(l) = l**3 - 10*l**2 + 6*l + 13. Determine w(9).
-14
Let l(y) = 3*y**3 - 39*y**2 - 6. What is l(13)?
-6
Let v(z) = 5*z**2 - 61*z + 9. What is v(12)?
-3
Let v(w) = -w**2 - 9. Calculate v(-6).
-45
Let p(u) = 3*u**2 - 36*u - 24. Calculate p(13).
15
Let m(l) = l**3 + 3*l**2 - 9*l - 2. Give m(-5).
-7
Let g(s) = -s + 7. What is g(5)?
2
Let u(f) = 21*f - 1. Give u(-2).
-43
Let b(a) = 8*a + 279. Determine b(-33).
15
Let o(k) = -2*k**2 + 24*k + 2. Give o(11).
24
Let m(j) = -j**3 + 2*j**2 - 2*j + 1. Calculate m(2).
-3
Let n(w) = 4*w + 20. What is n(-4)?
4
Let z(c) = 5*c**2 + 200*c - 7. Calculate z(-40).
-7
Let k(p) = p**3 + 8*p**2 + 7*p - 3. Determine k(-7).
-3
Let r(n) = n. What is r(-7)?
-7
Let f(v) = -v**2 + 11*v - 9. What is f(6)?
21
Let y(m) = -m**2 + 21*m + 45. Determine y(23).
-1
Let t(j) = j**2 - 2*j + 20. Calculate t(0).
20
Let g(y) = -y**2 - 25*y + 6. Calculate g(-24).
30
Let u(z) = -2*z**2 - 2*z + 2. What is u(2)?
-10
Let h(j) = -j**2 + 14*j + 352. What is h(27)?
1
Let g(i) = i - 8. What is g(10)?
2
Let t(y) = -y**2 + 5*y - 3. Determine t(8).
-27
Let x(p) = 5*p - 9. Calculate x(5).
16
Let y(r) = -r**3 - 5*r**2 - 2*r - 2. Calculate y(-5).
8
Let z(s) = s + 11. What is z(-5)?
6
Let t(y) = y**3 - 6*y**2 + 11. What is t(4)?
-21
Let k(z) = -4*z**2 + 6*z. What is k(4)?
-40
Let w(v) = -8*v + 19. Determine w(-6).
67
Let f(i) = i**2 + 27*i + 5. Give f(0).
5
Let v(i) = 3*i - 11. Determine v(8).
13
Let k(z) = 3*z + 8. What is k(6)?
26
Let y(w) = -w**3 + 13*w**2 - 11*w + 13. Determine y(12).
25
Let t(z) = 2*z - 21. Calculate t(15).
9
Let o(j) = 7*j - 4. Determine o(-2).
-18
Let g(z) = -z**3 - 8*z**2 + z + 4. Give g(-8).
-4
Let x(k) = -k - 8. Calculate x(7).
-15
Let n(s) = s**2 - 8*s. Give n(6).
-12
Let t(p) = 15*p - 4. Give t(9).
131
Let c(x) = x**2 + 4*x - 13. What is c(-6)?
-1
Let z(j) = -j**3 - 12*j**2 - 11*j + 2. Calculate z(-11).
2
Let r(q) = q**2 - 20*q + 21. Determine r(8).
-75
Let g(a) = -9*a + 126. Determine g(17).
-27
Let z(k) = -k**3 - 5*k**2 - 2*k - 3. Calculate z(-2).
-11
Let a(r) = -r**3 + 31*r**2 - 57*r - 41. Give a(29).
-12
Let h(x) = -x**3 + 9*x**2 - 15*x + 28. Determine h(8).
-28
Let g(h) = -6*h + 96. What is g(12)?
24
Let g(d) = d + 1. What is g(3)?
4
Let v(g) = -5*g + 2. What is v(-4)?
22
Let j(o) = o**2 + 7*o - 33. Give j(-10).
-3
Let t(y) = -4*y - 6. Give t(-7).
22
Let q(s) = -26*s - 2. Give q(-2).
50
Let n(r) = 7*r - 271. Give n(42).
23
Let o(n) = -3*n + 19. What is o(6)?
1
Let n(a) = 12*a**2. Determine n(1).
12
Let p(g) = 4*g - 54. Give p(-18).
-126
Let c(o) = o**3 - 5*o**2 + 4*o - 1. Calculate c(1).
-1
Let o(x) = -x**3 + 5*x**2 + 6*x - 26. What is o(5)?
4
Let z(k) = k**3 - 6*k**2 + 4*k - 7. What is z(6)?
17
Let a(r) = -r + 3. Give a(6).
-3
Let p(g) = -g**2 - 9*g + 5. What is p(-9)?
5
Let b(u) = -2*u**3 - u**2 + 5*u + 6. Calculate b(-2).
8
Let u(v) = v**2 + 8*v + 13. Determine u(-8).
13
Let x(g) = -2*g + 44. Calculate x(32).
-20
Let f(j) = j**2 - 21*j - 26. Calculate f(22).
-4
Let p(r) = -16*r + 111. Calculate p(7).
-1
Let i(s) = -s**3 - 21*s**2 + 22*s - 9. What is i(-22)?
-9
Let m(r) = -2*r**2 + 2*r - 5. Give m(3).
-17
Let a(u) = -u**2 + 18*u - 14. Give a(17).
3
Let m(i) = 2*i**3 - 25*i**2 + 14*i - 25. Give m(12).
-1
Let h(i) = 2*i**2 + 23*i + 11. Determine h(-8).
-45
Let w(a) = a**2 + 6*a + 7. What is w(-6)?
7
Let y(z) = -25*z**3 - z**2 + 2*z - 1. What is y(1)?
-25
Let v(m) = m**3 - 2*m**2 - 16*m - 5. What is v(5)?
-10
Let f(q) = -q**3 - 4*q**2 - 2*q - 12. Calculate f(-5).
23
Let d(m) = m**3 + m**2 + 3*m - 3. What is d(2)?
15
Let h(y) = -y**3 + 10*y**2 - 14*y - 16. Give h(8).
0
Let h(s) = -11*s + 4. Calculate h(1).
-7
Let u(q) = -10*q + 139. Determine u(16).
-21
Let b(m) = 3*m + 73. Determine b(-20).
13
Let w(s) = s + 12. Determine w(-18).
-6
Let f(v) = -v - 15. Determine f(-13).
-2
Let r(c) = c**2 + 5*c + 9. What is r(-5)?
9
Let f(g) = -7*g - 5. Give f(4).
-33
Let u(n) = -4*n**2 + 122*n + 72. Calculate u(31).
10
Let c(i) = 19*i - 26. What is c(6)?
88
Let m(u) = -2*u**3 + 54*u**2 - 50*u - 55. Calculate m(26).
-3
Let w(x) = 4*x - 13. Determine w(9).
23
